n q is divided by l?
7
Let h(n) = -n**2 + 2*n + 11. Let s be h(7). Let b = s + 38. What is the remainder when -1 - (-54 + 1 - 2) is divided by b?
12
Let t = 3646 + -1876. Let q = -8 + 30. What is the remainder when 4/q - t/(-66) is divided by 14?
13
Suppose 2*y - 2 = -4. Calculate the remainder when 86 is divided by (-1 - -7)/(-12)*44*y.
20
Let t(w) be the first derivative of w**4/4 + 3*w**3 - w**2 - 4*w + 10. What is the remainder when 83 is divided by t(-9)?
13
Let n be (6/4 + 0)*4. Let s = n - -3. Let t = -1246 + 1270. Calculate the remainder when t is divided by s.
6
Suppose 8*n - 152 = 12*n. Let r = n - -46. Calculate the remainder when 38 is divided by r.
6
Let h = -5 + 14. Let x be ((-6)/(-4))/(h/12). Suppose 0 = -s + b + x*b + 32, 4*s = -3*b + 53. What is the remainder when 48 is divided by s?
14
Let q(k) = k + 22. What is the remainder when 120 is divided by q(10)?
24
Let n(a) = -26*a + 39. Calculate the remainder when n(-2) is divided by 32.
27
Let s be (0 - ((-3)/(-1) + -1)) + 13. Let q = s - -21. What is the remainder when q is divided by 18?
14
Let i = -225 + 492. Suppose 4*w - i - 173 = 0. What is the remainder when w is divided by 14?
12
Let j(q) = -19 + 22 + 55 + 8*q. Calculate the remainder when 58 is divided by j(-6).
8
Let q(c) be the second derivative of c**5/5 - 5*c**4/12 + 2*c**3/3 - c**2/2 + 12*c. Calculate the remainder when q(3) is divided by 38.
36
Suppose -q + 15 = -6*q, 4*w - 4*q - 4 = 0. Let b be w/4 - 76/(-8). Suppose -b*g + 264 = -5*g. What is the remainder when g is divided by 23?
20
Suppose 0 = 3*o + 2*v - 23, -5*o + v = -o - 16. Let w = 8 + -3. Calculate the remainder when -6*o/(-165) - 75/(-11) is divided by w.
2
Let d = -134 - -212. Suppose d = 3*v - 54. Calculate the remainder when v + 0 - -3 - -2 is divided by 26.
23
Let a = 1050 + -674. What is the remainder when a is divided by 42?
40
Let l(q) = 12*q + 41. Let p be l(5). Let n = p - 86. Calculate the remainder when n is divided by 3 + (-3 - -1)/(-2).
3
Suppose 339 = -1246*q + 1247*q. Calculate the remainder when q is divided by 34.
33
Let c(h) = -h**3 + 4*h**2 + 4*h + 7. Let k be c(5). Suppose 22 = 5*j + k, -w + 129 = -j. Calculate the remainder when w is divided by 34.
31
What is the remainder when (-110)/15*1*-3 is divided by (-1)/2 - (-34)/4?
6
Let v(s) = 4*s + 3*s**2 - 12*s - 4*s**2. Let c be v(-7). Calculate the remainder when 19 is divided by (3/(-1) - -3) + c.
5
Suppose 2*d + 408 = 4*b, -97 - 208 = -3*b + d. What is the remainder when 296 is divided by b?
94
Let u = -246 - -283. What is the remainder when 69 is divided by u?
32
Let g = -115 - -119. Suppose -2*i = g*i - 186. Calculate the remainder when i is divided by 7.
3
Let w be 2 + 8/6*-6. Let a(j) = -6*j - 2. Suppose 0 = -2*m + 18. Calculate the remainder when a(w) is divided by m.
7
Let x be (-1 + -1)/2 - -9. Suppose -3*r - 48 = -4*a, -3*r - 20 = -x*r. Calculate the remainder when 42 is divided by a.
12
Let s be (4/6)/(((-1)/(-15))/1). Let d(b) = b**3 - 11*b**2 + 12*b - 13. What is the remainder when 12 is divided by d(s)?
5
Let z = -235 - -388. What is the remainder when z is divided by 39?
36
Calculate the remainder when -59*18/(-8) - (-1)/4 is divided by 16.
5
Let t be 60/35 + 6/21. Suppose 3*k = 4*c - 21, 7*c - t*c - 2*k = 35. Calculate the remainder when 0/5 - -3 - -12 is divided by c.
6
Suppose -16*o = -17*o. Suppose l + 0 - 9 = o. Calculate the remainder when 20 is divided by l.
2
Let r(g) = -g**2 + 7*g - 4. Let j be r(4). Suppose 0 = 2*w - j*w + 102. What is the remainder when 33 is divided by w?
16
Let q(m) = -4*m**2 + 64*m + 37. What is the remainder when 480 is divided by q(16)?
36
Suppose 0 = -2*c - 5*q + 16, 0 = -c + 3*q + 1 + 7. What is the remainder when 1*73 + (c - 10) is divided by 24?
23
Suppose -h + 3*c - 7*c = -138, -2 = -c. What is the remainder when h is divided by 22?
20
Let h be (-21)/6*14/(-49). Suppose -22 - 18 = -5*k. What is the remainder when k is divided by h/((-30)/72 + 4/6)?
0
Let w = 358 - 342. What is the remainder when 1420 is divided by w?
12
Suppose -12 = i - 4*l + l, -5 = -5*i + 2*l. Suppose -35 = -i*r + r + h, -r = -4*h - 21. Suppose -95 = -4*t + r. Calculate the remainder when 82 is divided by t.
26
Let n = -14 - -14. Suppose 0 = 3*v - 2*m - 47, 3*v + 2*v - 3*m - 80 = n. What is the remainder when v is divided by 12?
7
Suppose 27 = -2*w + 39. Suppose 68 + 4 = w*t. Calculate the remainder when 46 is divided by t.
10
Let n(i) = i**3 - 5*i**2 + 8*i + 2. Suppose -v = 2*v - 105. Calculate the remainder when v is divided by n(4).
17
Let z = -17 + 11. What is the remainder when 94 is divided by (38/z)/(6/(-18))?
18
Suppose g - 2*m - 10 = 0, -5*g + 5*m + 22 = -4*g. Suppose -4*t = 2*v - 202, -6*v = 5*t - g*v - 260. Calculate the remainder when t is divided by 7.
6
Suppose -k - 3*k = -28. Suppose 3*d = -58*f + 59*f + 11, -5*f + 20 = 0. Calculate the remainder when k is divided by d.
2
Let z = 126 + 38. Calculate the remainder when z is divided by 43.
35
Suppose g = -4*s - 113, g = -4*s + 2*s - 57. Let a = 33 + s. Calculate the remainder when 14 is divided by a.
4
Let a(b) = -2*b**3 - 14*b**2 + 11*b - 5. What is the remainder when a(-10) is divided by 18?
17
Suppose 138*s - 6475 = 113*s. What is the remainder when s is divided by 29?
27
Let p be 3*4/30*-5. Let h(j) = j + 4. What is the remainder when 6 is divided by h(p)?
0
Suppose -2*g = 2*l - 46, 5*g - 5*l = 51 + 24. What is the remainder when 72 is divided by g?
15
Let k(a) = 3*a**2 + 7*a + 52. Calculate the remainder when k(-11) is divided by 31.
28
Let v(l) = 53*l + 578. Calculate the remainder when v(-9) is divided by 7.
3
Let z = -242 + 432. What is the remainder when z is divided by 64?
62
What is the remainder when 51984/232 - (-2)/(-29) is divided by 24?
8
Let o(y) be the third derivative of -5*y**4/24 - 13*y**3/3 + 6*y**2 + 2. Calculate the remainder when 51 is divided by o(-8).
9
Let v(y) = y**3 + 8*y**2 - y + 17. What is the remainder when 120 is divided by v(-8)?
20
Suppose -82*x + 4806 = 191*x + 165. Let o = -33 - -46. Calculate the remainder when x is divided by o.
4
Let p(u) = -u**3 - 7*u**2 - 3*u - 2. Let f be p(-6). Let c = f + 15. Let j = 4 - c. What is the remainder when 44 is divided by j?
8
Suppose 891*d = 887*d + 912. What is the remainder when d is divided by 5?
3
Suppose -5*g + 22 = -o, 4*g - 23 = -0*g - o. Calculate the remainder when g + -1 + (-15 - -59) is divided by 10.
8
Let r be 3/(-2)*(-84)/9. Suppose 2*q - 66 - r = 0. What is the remainder when q is divided by 15?
10
Suppose -2 = -4*b + 2. Calculate the remainder when 9 + 12*(-12)/18 is divided by b.
0
Suppose -3*s + 5 = -10. Suppose -1 = b, -4*n + s*n = -3*b + 8. Calculate the remainder when 41 is divided by n.
8
Suppose 196*w = 163*w + 594. Calculate the remainder when 71 is divided by w.
17
Suppose 8*l - 171 = -27*l + 74. Let u = -8 + 18. Suppose -4*h - h + u = 0. What is the remainder when l is divided by h?
1
Calculate the remainder when 1/(10 - 14301/1431) is divided by 32.
31
What is the remainder when 48 is divided by (-1)/10 + -28*396/(-480)?
2
Let u = 589 + -510. What is the remainder when u is divided by 9?
7
Let h be 1 + ((-9)/(-3))/1. Suppose -h*f - 208 = -12*f. What is the remainder when 102 is divided by f?
24
Suppose 161*j = 4*j + 17270. Calculate the remainder when 281 is divided by j.
61
Let w = 945 - 941. What is the remainder when (-125)/(-4) + (-2)/8 is divided by w?
3
Let o(p) = -35*p - 26. What is the remainder when o(-2) is divided by 21?
2
Let m(q) = 5*q**2 - 15*q - 15. What is the remainder when m(5) is divided by 34?
1
Suppose -3*f - f + 104 = 0. Suppose 0 = -2*x + 2*u - 4*u - 154, -2*x + 4*u = 148. Let n = 0 - x. Calculate the remainder when n is divided by f.
24
Let y = 1221 - -371. What is the remainder when y is divided by 27?
26
Let q(k) = -26*k - 3. Let d = 72 + -9. Suppose 5*j - 3*v = 4*j + 35, 3*j + 5*v - d = 0. Calculate the remainder when q(-2) is divided by j.
23
Suppose 1382 + 2361 = 19*y. What is the remainder when y is divided by 56?
29
Let s = 0 + 21. Let j = 6667 + -6605. What is the remainder when j is divided by s?
20
Let m(y) = -27*y + 250. Let l(o) = 3*o - 2. Calculate the remainder when l(4) is divided by m(9).
3
Let x be (-372)/18 - (-2)/3. Let l = x - -64. What is the remaind